 -41 + 52. What is the remainder when 29 is divided by q?
7
Let f = -3 + 7. Calculate the remainder when (2 - (-6 + f))*12 is divided by 17.
14
Calculate the remainder when 61 is divided by ((-6)/5)/(8/(-140)).
19
Let y = 128 - 66. Suppose i - 3*i + y = 0. Calculate the remainder when i is divided by 16.
15
Let r = -110 + 113. Let n be 1 - -2 - (1 - 0). Suppose -3*u = -5*u + n. Calculate the remainder when r is divided by u.
0
Suppose -83 = -10*o - 23. What is the remainder when 12 is divided by o?
0
Suppose -5*a + 0*z + 2*z = -90, -3*z + 15 = 0. Suppose -5*v + 13 = -x, 4*x - 41 = x - 5*v. Calculate the remainder when a is divided by x.
6
Let j(v) be the second derivative of 27*v**5/10 - v**3/6 - 5*v. Calculate the remainder when j(1) is divided by 14.
11
Let t = 13 - 7. Let m = 19 + 3. What is the remainder when m is divided by t?
4
Let g be (-3)/((-3)/50) + 1. Suppose -16 = -b - g. Calculate the remainder when (-2 + 1)*(b + 1) is divided by 12.
10
Let v(b) = b**2 - 2*b + 5. Calculate the remainder when 7 is divided by v(0).
2
Let d(j) = -j**2 + 13*j + 7. Suppose 6*q - 50 = q. Calculate the remainder when d(12) is divided by q.
9
Let y be -7*(1 - 39/21). Suppose -3*c = -y*c. Suppose c = -0*s - s + 22. Calculate the remainder when s is divided by 8.
6
Suppose 13*u + u = 280. Calculate the remainder when 96 is divided by u.
16
Let k(r) = -r**2 + 8*r + 4. Let m be k(8). Suppose v + 59 = m*f, -v - v = 2*f - 22. Calculate the remainder when f is divided by 8.
6
Suppose 5*i = -3*b + 41, 0*i - i + 39 = 5*b. Suppose -b*r + 84 = -3*r. Calculate the remainder when 40 is divided by r.
19
Suppose 2*k - 6 = -o + 3, -4*k + 25 = -5*o. Suppose z + 50 = k*j + 2*z, -2*j + 3*z = -37. Calculate the remainder when 20 is divided by j.
9
Suppose 2*m + 3*y = -2*m + 65, 3*y = 9. What is the remainder when 81 is divided by m?
11
Let j(q) = 5*q**2 + 3*q - 2. Let l(y) = y**2 - y. Let a(c) = -j(c) + 6*l(c). Calculate the remainder when a(11) is divided by 13.
11
Let g = 45 - 27. Let k = g + 35. Calculate the remainder when k is divided by 18.
17
Suppose -g + 294 = 2*g. Calculate the remainder when g is divided by 25.
23
Let a = -11 + 21. Calculate the remainder when 884/24 - (-2)/12 is divided by a.
7
Suppose -4*v - 2*p + 77 = -105, 0 = p + 1. Let u(n) = -n**3 + 6*n**2 - 4*n - 4. What is the remainder when v is divided by u(4)?
10
Suppose -14 = -4*k - 2*m, 2 - 7 = -5*m. Suppose -x + 25 = -5*f, 0*x + k*f - 31 = -4*x. Let l = -71 - -100. Calculate the remainder when l is divided by x.
9
Let h(z) = -z**3 - z + 57. Calculate the remainder when h(0) is divided by 10.
7
Let d = 12 + -7. Let i = d - 2. Suppose -4*l + o = -29, -5*l - o + 34 = -i*o. Calculate the remainder when 14 is divided by l.
6
Let f be 0 + 7 + (-9 - -8). Let n(l) = l**3 - 4*l**2 - 8*l + 9. What is the remainder when n(f) is divided by 18?
15
Let f = 3 - -33. Let d = f - 15. What is the remainder when 40 is divided by d?
19
Let i = -27 + 56. Let t(f) = 2*f**2 + 3*f + 1. Suppose 2*m - 4 = 4*s + 14, 2*s - 9 = -5*m. Calculate the remainder when i is divided by t(s).
9
Suppose -3*k = 3*o - 9, -3*o + 3*k + 20 = -1. Suppose -c - 4 = -o. Calculate the remainder when 3 is divided by c.
0
Suppose -6*o - 10 = -o. Calculate the remainder when 44 is divided by o/(-1)*(-36)/(-8).
8
Let a = -21 - -38. What is the remainder when a is divided by (-9)/(2/2*-1)?
8
Let y = 23 + 15. What is the remainder when y is divided by 10?
8
Let c = 50 - 36. Let d(m) = m**2 - m. Let b(r) = r**3 - 12*r**2 - 10*r + 6. Let p(y) = -b(y) - 2*d(y). What is the remainder when c is divided by p(11)?
4
Let q(z) = 2*z**2 + z - 1. Suppose 0 = -2*v + 1 + 5. Suppose -v*c + c - 10 = 0. Calculate the remainder when q(c) is divided by 15.
14
Let h = -83 + 50. Let a = -10 - h. Calculate the remainder when 91 is divided by a.
22
Let b be (-2)/(-1*(-1)/(-42)). Suppose -2*i - 83 = p + 50, b = -i + 3*p. Let u = i - -98. Calculate the remainder when u is divided by 10.
9
Suppose -16 - 11 = -3*j. What is the remainder when 15 is divided by j?
6
Let y be 6/1*9/6. Let m = y + -6. Suppose -m*h - 3*n = -105, h + 2*n = -n + 45. What is the remainder when h is divided by 16?
14
Suppose -3*p + 2*p = 0. Suppose 3*c = -p + 6. Suppose 0*y + c*y - 48 = 0. Calculate the remainder when y is divided by 13.
11
Suppose q - 2*q + 3 = 0. Suppose 3*j - 24 = -3*v, -q*v = -v - 4. Suppose 0 = -j*a + 2*a + 124. Calculate the remainder when a is divided by 11.
9
Suppose 68 = 2*s - 5*n, -5*s + 78 = n - 38. Calculate the remainder when 94 is divided by s.
22
Let q(v) = -v**3 + 5*v**2 + 12. Calculate the remainder when 23 is divided by q(5).
11
Suppose 0 = 5*t - 3*t - 18. Let p(x) = 153*x + 1. Let s be p(-1). What is the remainder when (-1)/5 - s/10 is divided by t?
6
Suppose -b - 85 + 120 = 0. Calculate the remainder when b is divided by 23.
12
Suppose 7 = -4*r + 5*r. Let x(b) = -b**2 + 7*b - 3. Let c = 19 - 13. What is the remainder when r is divided by x(c)?
1
Let t(z) = -2*z - 3. Let l be t(-2). Suppose -6 = -h + l. Let o = -26 - -39. What is the remainder when o is divided by h?
6
Let t(f) = f - 2. Suppose 0 = -y - 0 + 1. Calculate the remainder when y is divided by t(3).
0
Let b = 0 - -14. Calculate the remainder when 69 is divided by b.
13
Let p be (-3 + 2)*(-6)/3. Suppose -182 + 14 = -p*b. Suppose -b = -4*c + 20. Calculate the remainder when c is divided by 14.
12
Let c(o) be the third derivative of -o**6/120 - o**5/15 - 7*o**4/24 - o**3 - o**2. What is the remainder when 65 is divided by c(-4)?
21
Suppose -h - 3*h + 20 = 0. Suppose -h*o - 2*j = 78 + 16, -74 = 4*o + 2*j. Let w = -13 - o. Calculate the remainder when 20 is divided by w.
6
Suppose -28 = -5*m + 7. What is the remainder when 48 is divided by m?
6
What is the remainder when 1*44 + (-10 - -6) is divided by 23?
17
Let x be (-7)/2*12/(-21). Suppose 3*f = -x*f + 255. Calculate the remainder when f is divided by 27.
24
Suppose -2*d + 2*h = -130, -h = -2*d - 6*h + 116. Calculate the remainder when d is divided by 16.
15
Let y be 4/(-10) - (-4)/10. Suppose z - 7 - 5 = y. Calculate the remainder when 46 is divided by z.
10
Let g = -2 + 5. Suppose 46 = g*w + 4. What is the remainder when 22 is divided by w/35 - (-116)/10?
10
Let w = 42 + -34. Calculate the remainder when 102 is divided by w.
6
Let l(i) = -i**2 - 3*i. Let n be l(-3). What is the remainder when 9 is divided by -3*(2/(-3) - n)?
1
Suppose -s + 7 + 4 = 0. Calculate the remainder when s is divided by 7.
4
Let q = -2 - -7. Suppose 10*d = 5*r + 5*d - 25, 0 = q*r + d - 49. Calculate the remainder when 25 is divided by r.
7
Calculate the remainder when 23 is divided by 124/10 + (-4)/10.
11
Let h = 552 + -317. Suppose 0 = -5*k - 0*k + h. Let g = 7 + 9. Calculate the remainder when k is divided by g.
15
Suppose 0*g = -g + 4. What is the remainder when g is divided by (-14)/7 - (-8)/2?
0
Suppose 5*x = -2 + 117. Let m(d) = 11*d**3 + d**2 - d - 1. Calculate the remainder when m(2) is divided by x.
20
Let r = -16 - -35. Let s = 32 - 25. What is the remainder when r is divided by s?
5
Suppose -b + 45 = -p, 3*p - 4 = -b + 41. What is the remainder when b is divided by 23?
22
Let f = 3 + -3. Suppose f = -3*k - 5*o + 86, -3*o - 163 = 3*k - 7*k. Calculate the remainder when k is divided by 13.
11
Let n(h) = 7*h**2 - 4*h - 1. Let u be n(3). Suppose 5*b + u = 270. Suppose 5*q = l + 78 + 2, -15 = 3*l. What is the remainder when b is divided by q?
14
Calculate the remainder when (94 - 0) + (-18)/9 is divided by 31.
30
Let k(l) = -l**3 - 11*l**2 - 12*l - 6. What is the remainder when 26 is divided by k(-10)?
12
Suppose 0 = n - 1 - 7. Suppose 2*h + 5*o - 3 = n, 0 = -3*h + 5*o + 79. Calculate the remainder when 34 is divided by h.
16
Let i(l) be the first derivative of l**3/3 - 5*l**2 + 2*l - 1. Calculate the remainder when i(10) is divided by 1.
0
Let r(w) = -w + 2. Let i(o) be the third derivative of o**5/60 + o**4/12 - o**3/2 + 2*o**2. Let v be i(-3). What is the remainder when r(v) is divided by 2?
0
Let t(g) = -g - 1. Let p be t(-5). Let x(l) = l + 1. Let a be x(p). Suppose 9*j - 88 = a*j. Calculate the remainder when j is divided by 8.
6
Let s be (-60)/(-9) + (-2)/(-6). Let k = s + -5. Let w = 3 - -1. What is the remainder when w is divided by k?
0
Let s = 81 + -12. Calculate 